pose -7*i + 12*i = 5. Let o be r(i). Suppose 2*j - 20 = 6*b - 2*b, 5*b - o*j = -25. Determine a(b).
11
Let h(o) = o**2 - o + 3. Let i(m) = -9*m**2 + 9*m - 31. Let y(g) = 22*h(g) + 2*i(g). What is y(3)?
28
Let f(l) = l**2 + 6*l + 5. Let q be f(-6). Let g = -5 + q. Suppose 5*d + g*d = 25. Let s(b) = b + 6. What is s(d)?
11
Let b(d) = d**2 - 9*d + 7. Suppose -57*r - 16 = -2*i - 53*r, 4*i + 5*r - 19 = 0. Give b(i).
-11
Let b(l) = -5*l**3 - 25*l**2 - 14*l - 1. Let q(u) = 3*u**3 + 16*u**2 + 9*u + 1. Let s(o) = 5*b(o) + 8*q(o). Determine s(3).
9
Let j be 1 + (-3)/9*-3. Let f(i) = -3*i**j + 3*i**3 + 3 - 4*i**3 + 0*i**3. Let h be (-2 - 10)*(-1)/(-4). What is f(h)?
3
Let t be (-1 - 0) + 0 + 1. Let b = -3 + 7. Let i(s) = b - 5*s - 10*s + 2 + 14*s. Calculate i(t).
6
Suppose 0 = 2*q - 8 - 0. Suppose 2 = 3*a - q. Let j be 1/(3 + -2) - a. Let s(c) = 12*c**3 - 2*c**2 + 1. What is s(j)?
-13
Let i(s) = -s**2 - 7*s - 7. Let j = 1813 + -1817. What is i(j)?
5
Let b(t) = -t**2 - 7*t - 7. Let s be (-39)/6 - ((-44)/8 - -6). Determine b(s).
-7
Let b(z) = 1 + 41*z - 2*z**2 - 79*z + 39*z. Suppose -3*l = -4*v + 17, 0 = -5*v - 5*l - 4 - 1. What is b(v)?
-5
Let m(y) = -y + 11. Let o be m(8). Let x(k) = 5 - 2 + 2*k**2 + 6*k + o*k**2 + k**3 - 2*k**3. Let h = 0 + 6. Calculate x(h).
3
Let k(s) = s**3 - 5*s**2 - 2*s + 1. Let x(l) = -l**3 + 6*l**2 + 3*l - 2. Let w(c) = 4*k(c) + 3*x(c). Determine w(2).
0
Let i(z) = -3*z - 3 + 1 - 1 + 2*z**2 + z. Let h be i(-1). Let f(u) = -u**2. Let v(k) = 12*k**3 + 4*k**2 + k - 1. Let p(a) = -5*f(a) - v(a). What is p(h)?
-11
Let i be -3*1/((-1)/(-1)). Let s(x) = -11*x - 122. Let a(h) = -4*h - 43. Let q(z) = 17*a(z) - 6*s(z). What is q(i)?
7
Let z(b) be the third derivative of -b**5/60 + b**4/6 - b**3/3 - 7*b**2 + 2. Give z(3).
1
Let p(k) = -28*k + 12*k - 11 + 18*k + 0. Give p(8).
5
Let t(a) = 7*a + 21. Let u = 30 - 31. Let i(d) = d + 1. Let y(l) = -8*l - 15. Let r(o) = u*y(o) - 5*i(o). Let k(z) = -13*r(z) + 6*t(z). What is k(-3)?
-13
Let i(o) = 2*o + 4. Let b = -126 + 122. Calculate i(b).
-4
Suppose 0 = 5*u - 3*u + 4. Let w be -6*1 - (u - 0). Let k(t) be the first derivative of -t**3/3 - t**2 - 2. Determine k(w).
-8
Suppose 4*t + 5*x - 30 = 3*x, t - 9 = -2*x. Let s(f) = -6*f**2 - 7 + 5*f**2 + t*f - 2*f + 5*f. What is s(6)?
17
Let g(r) = -r - 17. Let w be g(-18). Let n = w - 31. Let k = -29 - n. Let m(y) = y**3 - y**2 + y. What is m(k)?
1
Let h(j) = -19 - 4*j + 2 + 8. Suppose -29 + 11 = 3*c. Give h(c).
15
Suppose w - 2*w = 0, -5*w = 4*u - 8. Let s = 80 + -78. Let k(d) = u*d**3 - 4*d**3 + 4 + s*d**2 + d**3 + 4*d**2 - d. Determine k(6).
-2
Let d(m) = 3 - 2 + 3*m - 2*m - 4. Let j be d(-2). Let u(q) = -q**3 - 5*q**2 + q - 6. Give u(j).
-11
Let q(j) = -4*j**2 - 2*j - 5. Let y(x) = x**2 - x + 1. Let z(n) = -q(n) - 3*y(n). Let c = 23 - 94. Let f = c - -68. What is z(f)?
-4
Let f(z) = -8*z + 21*z**2 + 9*z - 22*z**2 - z**3. Determine f(2).
-10
Let m(s) = 3*s - 49. Let k be m(15). Let f(g) be the second derivative of 0 - 5/2*g**2 - 1/20*g**5 - 1/4*g**4 - 5*g + 1/2*g**3. Calculate f(k).
-1
Let f(p) be the third derivative of p**7/5040 - p**6/720 - p**5/60 - p**3/2 + 28*p**2. Let v(n) be the third derivative of f(n). Calculate v(0).
-1
Let k(s) be the first derivative of s**2/2 - s + 1. Let g = 46 + -41. Suppose 0 = 5*r + 5*d + g, 7*d - 3*d + 32 = 3*r. Give k(r).
3
Let k(v) = -2*v**3 + 63*v**2 + 30*v + 62. Let q be k(32). Let s(a) = -11*a**2 + 3*a + 3. Give s(q).
-47
Let i be (-4)/8 + 26/4. Let g(u) = -u - 8. Let z be g(-11). Let c(o) = 7*o + o**z + 19 - 7*o**2 + 19 - 39. Calculate c(i).
5
Let i(a) = -3 - 855*a - 10*a**2 + 853*a + 8*a**2. Determine i(-3).
-15
Let u(s) = -s**2 - s + 2. Let w = -44 - -76. Suppose -37*n + 15 = -w*n. What is u(n)?
-10
Let z(f) = 24*f**3 + 23*f**3 + 10*f**2 - 69*f**3 + 3*f + 23*f**3 - 3 + 13*f. What is z(-8)?
-3
Let t(m) = 2*m - 91. Let r(g) = -3*g + 142. Let j(h) = -5*r(h) - 8*t(h). Determine j(9).
9
Let q(k) = -19*k + 8. Let w(c) = -5*c. Let b(s) = q(s) - 4*w(s). What is b(-16)?
-8
Suppose -5*i = 5*d - 47 - 43, -i - 24 = -2*d. Let x = -12 + d. Let n(b) = b**2 - 4*b + 2. Calculate n(x).
-2
Let q be 12/(-9)*6/(-4). Let c(u) = -u + 33*u**3 - 3 + q*u**2 - 35*u**3 + 3. Determine c(1).
-1
Let m(z) = -27*z**3 + 46*z**2 - z - 34. Let a(o) = -5*o**3 + 9*o**2 - 7. Let q(d) = 11*a(d) - 2*m(d). Determine q(7).
5
Let v(z) = 19*z**2 - z. Let p = 31 - 33. Let j be p + 1/((-4)/(-12)). Give v(j).
18
Let p(j) = -j**3 + 2*j**2 + 24*j - 4. Suppose -i - 3*c = -5*i + 18, 0 = -5*i + 5*c + 20. What is p(i)?
-4
Let p(b) be the second derivative of 5*b**3/3 + 1164*b. Suppose -3 = 3*z - 0. Let f = z + 0. Give p(f).
-10
Let w(f) = -f**2 - 5*f + 6. Suppose 5*g = 4*c + 6 - 49, -3*c = -6. Give w(g).
-8
Suppose 4*h + 5*g - 3 = 0, -4*g + 5 - 2 = 3*h. Let x(b) = -b - 2. Determine x(h).
1
Let d(u) = -u**2 + 25*u + 156. Let w be d(-5). Let y(x) = x**2 - 9*x + 11. What is y(w)?
-7
Let u(o) be the third derivative of -o**6/120 + o**5/12 - o**4/6 + o**2. Let p = -65 - -106. Let i = 45 - p. Determine u(i).
0
Let k(r) be the first derivative of r**3/3 + 2*r**2 - 2*r + 5. Let v be k(-3). Let c(n) = -n - 7. What is c(v)?
-2
Let g(k) be the third derivative of -k**5/60 + k**4/6 + 3*k**3/2 + 121*k**2. Give g(6).
-3
Let l(h) = 3995970*h - 8 - 2*h**2 - 3995972*h + h**3 + 9*h**2. Suppose -3*n - m + 3 = 28, -3*n - 41 = 5*m. Give l(n).
6
Let x(s) be the third derivative of -2/3*s**3 + 0 + 0*s + 38*s**2 - 5/24*s**4 + 1/60*s**5. Determine x(5).
-4
Let l(m) = -m**2 + 53 - 8*m - 28 - 31. Calculate l(-5).
9
Let x(p) = p**2. Let o be -1 - -5 - (-6 - 4). Suppose -4*n - s = o, 0 = -3*n - 3*s + s - 13. Determine x(n).
9
Let s(o) = o**2 + 7*o + 4. Let z be -6 + 0 + -3 + 2. Let a = z - -2. What is s(a)?
-6
Let w(i) = -i**3 - i**2 - 10. Let n be 9/(-3)*(-56)/(-12). Let t be 0/n + (0 - 0). What is w(t)?
-10
Suppose -25 = -3*q + 5*g, 4*q - 3*g - 23 - 3 = 0. Suppose -q*f - 3 = -5*a + 2*a, -5*f = 4*a - 4. Let n(b) = -b**2 - b + 4. Calculate n(f).
4
Let i(f) = -13*f**2 + 0*f**3 + 2 + 0*f**3 - 18*f + f**3 - 4*f**2. Let k be i(18). Suppose 5 + 1 = k*h. Let v(b) = -5*b + 3. Determine v(h).
-12
Suppose d + 7 = 3*g + g, -31 = -2*g - 5*d. Let l(h) = -h**2 - g*h**2 + 10 + h**3 + 4*h**2 - 6*h**2 - 8*h. Give l(7).
3
Suppose 0 = -3*o - 3*m + 48, -15*o = -13*o - m - 26. Let x(f) = -f**3 + 16*f**2 - 28*f + 12. Calculate x(o).
12
Let w(p) = -7 + 4*p**2 + 3*p**2 + 3*p + p - 6*p**2. Give w(6).
53
Let b(u) be the first derivative of -u**4/4 - 5*u**3/3 + 4*u - 1. Suppose -3*y + 5 = -2*y. Suppose 5*i - y*f + 2*f + 31 = 0, -i - 13 = -4*f. What is b(i)?
4
Let j be 3*2/(-12)*-12. Suppose 0 = 4*u - j*u + 10. Let f(h) = -u*h + 12 + 0*h**2 - 17 - h**3 - 7*h**2. Determine f(-6).
-11
Let c(q) = q**3 - 7*q**2 + 5*q + 7. Let m = -1865 + 1871. Determine c(m).
1
Let j(z) = 5*z**2 + 2*z + 2. Let k(u) = -6*u**2 - 2. Let s be k(0). What is j(s)?
18
Let o(t) = -t**3 + 20*t**2 - 2*t + 45. Let c be o(20). Let k(f) = f**2 + f**3 - 3 + 5*f**2 + 0 - c*f - 5*f**2. What is k(-3)?
-6
Let o(n) = -15*n**2 + 5. Let t(j) = 13*j**2 + j - 3. Let v(f) = 2*o(f) + 3*t(f). Calculate v(-1).
7
Let g = 8323/12 - 693. Let q(y) be the second derivative of 6*y - 1/20*y**5 - g*y**4 - 2/3*y**3 + 0 + y**2. Calculate q(-6).
-10
Let p(u) = -u**2 - 9*u + 25. Let k = 324 + -335. Give p(k).
3
Let t(u) be the third derivative of u**6/120 + u**5/10 - u**4/24 - u**3/6 + u**2 - 1. What is t(-6)?
5
Let z(n) be the first derivative of n**4/4 - n**3 + 3*n**2/2 - 2*n - 6. What is z(3)?
7
Let j(z) = z. Let c(u) = -7*u + 8. Let v = -7 + 3. Let g(s) = v*j(s) - c(s). Determine g(6).
10
Let m = 18 - 17. Let w(y) = 40*y + m - 20*y - 21*y. Calculate w(2).
-1
Let t(x) = 21*x - 63. Let m be t(3). Let z(s) = s**2 + s + 8. Give z(m).
8
Let v(a) = 2*a - 50. Let s = 793 - 769. Give v(s).
-2
Let f(r) be the third derivative of -5*r**4/24 - 2*r**3/3 + 570*r**2. Calculate f(7).
-39
Let y be 6/(-4) - 1/2. Let h(x) = 4*x**3 - 2*x**2 - 4*x - 4. Let q(w) = 234*w**2 + 3*w**3 - 236*w**2 - 3 - 3*w + 0. Let d(r) = -4*h(r) + 5*q(r). Determine d(y).
-1
Let y(w) = 4*w + 3*w**2 - 11 + 90*w**3 - 4*w**2 + 3*w - 89*w**3 + 11*w**2. Calculate y(-9).
7
Suppose -o + 19 = 1. Let f be o/24 + (-26)/(-8). Suppose 3 = -r + f. Let k(z) = 9*z. Calculate k(r).
9
Let d(p) = 7*p + 3. Let a(n) = 3*n + 2. L